 is the value of (-6 - (13 - 8)) + -1?
-12
What is -16 + 27 - -12 - 0?
23
Calculate -4 + 15 + (6 - (52 - 10)).
-25
Evaluate -8 - (15 + -12) - (1 - -8).
-20
Calculate (1 - -11) + -351 + 329.
-10
-8 + (12 - 3 - (2 - (-4 + 3)))
-2
What is the value of (-13 + 4 + 16 - 14) + 33?
26
Evaluate 44 + -42 + (24 - (4 + -1)) + -6.
17
8 + (-7 - 1) + 6 - 8 - -10
8
What is the value of (18 - 13) + -21 + 26?
10
Calculate 20 - (-3 + 24 + (2 - 13)).
10
Evaluate 1 - 5 - (-19 + 18).
-3
Calculate 1 + (13 - 27) + -2.
-15
What is 23 + -29 - 1 - (-33 + 2 + -1)?
25
What is 15 - (-7 - -14 - 13)?
21
What is the value of -6 - (3 - (16 - (-4 - 4)))?
15
Evaluate (22 - 29) + (18 - -4 - 2).
13
What is the value of (-22 - -3) + 23 + -17?
-13
Evaluate (-34 - -42) + (-25 - 1) + 6.
-12
What is the value of -13 - ((23 - 28) + 12)?
-20
Calculate -1 + 12 - (-90 + 92).
9
What is the value of 14 - ((19 - (14 + 0)) + -14)?
23
Calculate -38 + 16 + 32 - (-2 - 0 - -22).
-10
(43 - 13 - -11) + (-14 - -6)
33
Calculate 14 + (-26 - (-7 + -3)).
-2
Evaluate 1 - (-7 + (2 - -7) + 7).
-8
What is the value of -7 + -12 + 19 + -1 + -16 + -1?
-18
What is the value of -3 - 4 - (11 - 6 - 3)?
-9
-6 + 7 + -23 + (-3 - -11)
-14
Calculate -48 + 59 + (-7 - -2) - (11 - -3).
-8
Evaluate 4 + (3 + 1 - (-10 - -10 - 0)).
8
Calculate 1 + (-7 + 0 - -3) - (4 + -12).
5
What is the value of -1 - -1 - (15 + (-22 - 6))?
13
Calculate 6 - (-4 + 13 - (-14 - -16)).
-1
What is the value of (-228 + 223 - (2 - (-2 - 2))) + 4?
-7
What is 8 + (-13 - 2) + 10 + 0?
3
-17 + -6 + 15 - -9 - 6
-5
Evaluate -371 + 365 + (-1 - -17 - 1).
9
Calculate -10 + -16 + (43 - 14) + -36.
-33
1 + 1 - (13 - (-3 - -2) - 15)
3
Evaluate 9 + (-29 + 20 - 2) + -3 + 0.
-5
22 + 32 + -28 - (6 - 4)
24
What is the value of (3 - 12 - 9) + 21 - -25?
28
Evaluate (-9 - -3) + 8 - (1 + -1 + -12).
14
Evaluate 0 + (1 - 2) + (4 - 3) + 0.
0
Evaluate (28 - 28) + 26 - -12.
38
What is -20 - -1 - (-546 + 536)?
-9
-2 + 6 + -1 + 1 - -5 - -3
12
What is -34 + -3 - (-36 - -13)?
-14
-21 - (-7 + (-17 - 7))
10
What is the value of 7 + 1 + (-38 - (-56 - -22))?
4
Calculate -20 - 0 - (-73 + 66) - 3 - -5.
-11
Evaluate -3 - ((-1 - 0) + -1 - (-12 + 14)).
1
-2 + -6 - (48 - 80)
24
What is the value of 14 - (-1 - 4) - 12?
7
23 + 32 + -54 + 0
1
What is (-6 - 1) + -3 + -3 + 33 + -26?
-6
9 - (-7 + 13 - (-1 - (-10 - -10)))
2
(6 - 2 - (-29 + 31)) + 4 + -1
5
Evaluate 23 + 3 + (17 - (-39 - -54)).
28
Calculate (-5 - -8 - (-2 - -2)) + (1 - 8).
-4
(-1 - 6) + 1 + (8 - 5)
-3
What is the value of 5 + (-7 - (-29 + (-4 - (-7 + -4))))?
20
What is the value of -3 + (10 + -1 - (28 + -27))?
5
Calculate (-6 + 8 - -28) + -43.
-13
What is the value of (8 - 1 - (-6 - -3 - -9)) + 4?
5
What is the value of 16 + 1 + -103 + -80 + 182?
16
What is -1 + -1 - (-4 - ((-3 - 2) + 5))?
2
Evaluate 17 - (-3 + (-18 - -12) + -4).
30
What is the value of -2 + 7 + (-17 - (2 - 1)) + 3?
-10
What is (4 - (-34 - -20)) + -38?
-20
What is the value of -19 - (-55 + 47 - (-4 + -8))?
-23
(1 - -19) + 65 + -50 + 5
40
Calculate -4 + -25 - (9 + -4 - (-3 + 8)).
-29
What is the value of 11 - (-12 + 19 + 0)?
4
-10 + 0 - (146 + -144)
-12
Evaluate -6 - (-17 + 11 + 0).
0
What is (2 - (-3 - -5) - -16) + 318 + -320?
14
What is (16 - 10 - 4) + 2?
4
What is -2 + 12 + -4 - 10 - (-1 + 4)?
-7
Evaluate -12 + 0 - -20 - 6.
2
What is 7 - (-18 + -18 + 37 + -19)?
25
6 + 5 + (1 - 9) + (-2 - -7)
8
What is the value of 16 + (-1 - (-2 + 2)) - (-1 - -7)?
9
Evaluate (-5 - 1) + (7 + -11 + 6 - -7).
3
-7 + -24 + 27 - -28
24
Calculate -7 + 1 + (24 - 16) + -4.
-2
Calculate (2 - -1) + (239 + -231 - (14 + 0)).
-3
What is 0 + (-9 - -10) - 2 - (1 - -6)?
-8
Calculate -9 - 6 - (6 - 12).
-9
Evaluate -33 + (82 - (51 - 23)).
21
What is the value of 14 - ((16 - -2) + (-170 - -168))?
-2
Evaluate -6 - ((1 - 17) + 5).
5
Calculate 3 - (-7 - (-11 + 10)).
9
Calculate 9 + 0 - ((6 - 8) + 2 + 1).
8
Evaluate (5 - (15 - 9)) + (2 - -6) - -6.
13
What is 1 - -1 - ((26 - 10) + -27 + 4)?
9
Evaluate 0 + -2 + (-234 + 251 - (0 + 12)).
3
What is the value of 3 - 1 - (-18 + -5 + 13)?
12
What is the value of (10 - 17) + -2 + -7 + 5 + 1?
-10
Evaluate (7 - (-9 - -20)) + 8 - 43.
-39
What is the value of 1 - (1 + -3 + 16 - 14)?
1
(1 - 12 - -3) + 15 - -7
14
Evaluate 7 + (-5 + 11 - 12) - 2.
-1
Evaluate (-6 - (1 + 4 + (-3 - 4))) + -6.
-10
What is the value of 36 + -20 + 7 - 14?
9
What is (1 - 7) + 3 + -4 + 3?
-4
What is 1 + 9 - (-19 + 29)?
0
What is 11 - (-25 + 2 + 10 + 4)?
20
-6 + -9 + (34 - 4)
15
Evaluate 16 + -9 + -33 + 29.
3
Evaluate -12 - (8 + 2 - 25).
3
Calculate -5 + (0 - 7) + -1 + -1.
-14
3368 + -3385 - ((8 - -1) + (2 - 0))
-28
What is (-8 - -4) + 35 + -33 - -12?
10
Calculate (-9 - 1) + 15 + 5 + -1.
9
Calculate -8 + (11 - 35) + 22 + -20.
-30
What is -16 + 17 + 8 + -2?
7
Calculate 24 + 14 - 6 - 50.
-18
What is the value of -12 + 18 - (-5 + 40)?
-29
What is (31 - 26) + -21 + 2 + -1 + 5?
-10
What is the value of 0 - 10 - (17 + -21 + 5)?
-11
Evaluate 12 + (2 + -3 + -4 - (40 - 49)).
16
Calculate -34 - (-63 + 0) - 16.
13
What is (-19 - -30) + -14 - (0 + (-1 - 4))?
2
What is -2 + 13 + -28 + 19 - 9?
-7
What is (-7 - -4) + -5 + 4 + 3 + 1?
0
Calculate (0 - -12) + -41 - (-2 + -2).
-25
What is the value of -20 + 18 + (3 - (0 + -5))?
6
Evaluate 45 + -14 + (2 - 17) - 7.
9
Evaluate (8 - 10) + 10 - (36 + (1 - 2)).
-27
What is 9 - 7 - -10 - -3?
15
Calculate 17 + ((18 - 7) + -4 - 35).
-11
What is the value of 11 - (-13 - -5) - 2 - -1?
18
-12 + (-4 - (-20 + 0))
4
7 + (9 - 17) - -16
15
Calculate 319 + -316 + 24 + (1 - 3).
25
Evaluate (-18 - (8 + -15)) + 2 - 10.
-19
-17 - (0 - 2) - (-103 - -101)
-13
Evaluate (-1 - 3) + 21 - (6 + -2).
13
What is the value of 5 - (12 - ((0 - -2) + -7 + 15))?
3
What is the value of (185 - 184) + 1 + -11?
-9
What is the value of 0 + 0 - (-15 + 13 - (0 - 0))?
2
17 + 2 - (-11 - -35 - 23)
18
7 + -5 - (38 - 26)
-10
What is the value of 551 + -573 + -1 + 10?
-13
What is -7 - (1 + 1 - (6 + -1))?
-4
What is the value of 2 + -1 + 37 + -45 + -14?
-21
What is -5 - 20 - 3 - (-73 - -57)?
-12
What is the value of 3 - (4 - (1 - -7) - -25)?
-18
Evaluate (1024 - 1025) + (-9 - -2).
-8
What is the value of -1 + -7 + 13 - (-1 + -9 - -4)?
11
Evaluate (174 - 192) + (0 - 5) + 0.
-23
Calculate -24 - (-6 + (7 - 12)).
-13
(-7 - (0 - 1)) + (16 - -21 - 33)
-2
What is the value of (-10 - (1 - 4)) + -3?
-10
-9 - (6 - (-7 + 17 + -3 - 3))
-11
-2 + (7 - -3) - 0 - 7
1
8 + -3 + 5 - 8 - 14
-12
What is (-7 - (-3 + -5) - 4) + 0?
-3
What is the value of -13 + 19 + -2 + -39 + 8 - -9?
-18
What is the value of -86 + 72 + (-3 + 10 - 3)?
-10
What is the value of 26 + -57 + 22 - 14?
-23
Calculate 0 - -7 - (13 - ((-13 - -13) + -16)).
-22
Evaluate -18 - (-13 - (-2 + 1 + -6)).
-12
Calculate (48 - 76) + (4 - (-2 - (2 + -1))).
-21
-4 + -7 + 28 + -13
4
(2 + -6 - (-27 - -25)) + 4 - -13
15
What is 7 - (9 - 6) - (3 + 1) - 12?
-12
What is 7 - (38 - 2) - -32?
3
Evaluate (-2 - 1) + (-118 - -131).
10
What is the value of (-13 - -12) + 11 + (-4 - -5) + 2?
13
What is 4 - (-2 - -7 - -2) - -29?
26
What is -12 + (13 - -6) - (0 + 10)?
-3
What is the value of (8 - -5) + -7 + -23 + 5 + 0?
-12
Calculate (-5 - ((-11 - -11) + (0 - -42))) + 9.
-38
Evaluate (0 - (2 + 0)) + (190 - 194).
-6
Calculate 43 + -28 + (-5 - -1 - -18).
29
Evaluate 12 - (-1 - -11 - 7) - (-15 + -1).
25
What is -7 + 4 + (47 - 20) + -18?
6
-2 - (4 + 43 + -74)
25
-20 + 51 + 4 - 27
8
-21 - (-8 - (-9 - -10) - 10)
-2
50 + (-74 - -18) - (-1 + -12)
7
Calculate -9 - (-18 + 13 + 0).
-4
What is the value of 31 - (-17 + 40) - 33?
-25
-19 + 14 + -10 + (-10 - -1 - -5)
-19
(25 + -13 - -10) + -19
3
What is -14 - ((17 - 2) + -24)?
-5
What is 40 + 0 - (2382 + -2361)?
19
-61 + 36 + (-4 - 0) + 1 + 0
-28
What is the value of -8 + 2 + (-8 - -7)?
-7
What is (-12 - (19 - 3 - 28)) + 18?
18
What is the value of 1 - (-7 + (-7 + 17 - 0))?
-2
Calculate -11 + 0 - (-51 + (-1 - 17) + 24).
34
(-20 - -20 - -10) + 1 + (-3 - -1)
9
Evaluate 73 + -87 - (0 - 5).
-9
What is the value of 3 - (0 - -17) - (-37 + 8 + 25)?
-10
What is -38 + 38 + (27 - 17)?
10
What is the value of 4 + (6 - (10 + -7 + 5))?
2
Calculate -6 + (31 - 11) + (-4 - 1).
9
(-56 - (-10 + -4)) + 13 + (-3 - -12)
-20
-16 + 24 + (-9 - 18)
-19
Calculate -98 - -89 - (-11 + -2).
4
Calculate (91 - 21) + -39 + -64.
-33
-9 + -11 + -22 + 11 + 41
10
-14 + 1 - (8 - (26 + -6))
-